((-30)/9)/((-4)/d). Determine g(h).
-2
Let o(s) be the second derivative of 3*s**4/4 - 21*s**3/2 + 3*s**2/2 - 128*s. Let d be o(7). Let j(v) = -4*v + 1. Calculate j(d).
-11
Suppose 18*t - 23*t + 4*q = 46, 0 = 4*t - 4*q + 32. Let n(p) = -7*p - 29. What is n(t)?
69
Let z(b) = b**3 - 15*b**2 + 67*b - 236. Let d be z(11). Let w(a) = -a - 1. Calculate w(d).
-18
Suppose -15*g = -12*g - 9. Let v(t) = -t + 0*t**3 + 7 - t**3 + 8 - 16 - g*t**2. Suppose -3*r + 2*l - 14 = 3*l, 0 = 4*l + 20. What is v(r)?
2
Let z(w) = -w**2 - 28*w - 31. Let k = -17 - 12. Calculate z(k).
-60
Let g = -150 + 163. Suppose -g*t = -6*t - 42. Let a(v) = 7*v**3 - 7*v**2 - 2*v + 6. Let z(h) = h**3 - h. Let q(i) = -a(i) + 6*z(i). Give q(t).
6
Let h(k) = 2*k**2 - 37*k + 169. Let f(m) = -678*m + 5430. Let t be f(8). Calculate h(t).
19
Let f be (14/(-20)*-5)/(63/90). Let b(l) = -33*l + 25. Give b(f).
-140
Let c(x) be the first derivative of -63 + 0*x - 1/2*x**2. Determine c(-7).
7
Let l(j) = -82*j**2 + 30*j - 6. Let b(w) = 14*w**2 + w - 1. Let z(u) = -6*b(u) - l(u). Calculate z(-18).
12
Let r(a) = -a**3 - 7*a**2 + 18*a + 8. Let w be r(-7). Let m = 105 + w. Let k(s) = s**3 + 14*s**2 + 13*s + 10. Give k(m).
10
Let q(v) be the first derivative of v**4/4 - 13*v**3/3 + 6*v**2 - 31*v - 5604. Calculate q(12).
-31
Let f(q) = 2*q. Let n(y) = -y. Let h be 4/2 - (7 + -9). Let b(j) = h*n(j) - 2*f(j). Suppose -4*o = 5*i - 11 - 6, 5*i - 2 = o. What is b(i)?
-8
Let p(a) = -a**3 + a**2 + 35*a - 4. Let j be p(6). Let w(l) = -20*l - 28*l - j*l + 79*l. What is w(-7)?
-35
Let v be (-4)/18 - 482/18. Let z = 18 + v. Let y(r) be the first derivative of r**4/4 + 3*r**3 - r**2/2 - 10*r + 17134. Determine y(z).
-1
Let u(n) = -4*n - 3*n**2 + 2*n - 3*n**3 + 2*n**3. Suppose -83*v = -86*v + 1116. Let b = v + -374. Give u(b).
0
Let a(d) be the first derivative of d**2/2 + 38*d + 3. Let z be a(-16). Let u be 2 - z/8 - (-11)/(-44). Let f(w) = 9*w**3 - w**2. Give f(u).
-10
Let s = 47061 - 47065. Let t(p) be the second derivative of 2*p**2 + 0 + 1/3*p**3 + p. Determine t(s).
-4
Let q(i) be the first derivative of i**3 + 7*i**2 - 11*i + 604. Give q(-6).
13
Suppose -44*v + 599 = 159. Let c = -24 - -43. Suppose -45 = v*b - c*b. Let i(o) = o**3 - 7*o**2 + 6*o - 6. What is i(b)?
-26
Let u(n) = -24 - 27 - 22*n + 23*n + 8. What is u(-21)?
-64
Let f(v) = -2*v + 712 - 705 - 3*v. Let s(l) = 3*l - 6. Let z(k) = 2*f(k) + 3*s(k). Calculate z(3).
-7
Suppose p - 62 = 4*q + 3*p, -15 = q + p. Let l be -10 + (-2)/q*0. Let m(b) = -b**2 - 11*b + 4. Determine m(l).
14
Let f be 6 + -1 - (-14 + 16). Suppose 15*a + 42 + f = 0. Let s(v) = v + 1. Let j(w) = 4*w + 6. Let t(b) = j(b) - 6*s(b). Determine t(a).
6
Let n(u) = -5*u + 57. Suppose 92 + 184 - 55 = 17*a. Calculate n(a).
-8
Let k(h) = h**2 - 23*h + 47. Let z = -322 + 341. Give k(z).
-29
Let z(t) be the third derivative of -89*t**4/24 - 2*t**3/3 + 1328*t**2. Give z(-2).
174
Let q be ((1/1)/1)/(-27 + 6344/234). Let s(t) = 18*t - 12. Give s(q).
150
Let h(f) = -12*f - 108. Let q be h(-9). Let g(w) = 1 - 408*w + q + 404*w. Calculate g(3).
-11
Let q(j) = -j**3 + j**2 + 11*j - 32. Let u = -30323 + 30326. Give q(u).
-17
Let p(m) be the first derivative of 2*m**3/3 + 18*m**2 - 27*m - 421. Give p(-19).
11
Let p(r) = -r - 7. Let j(h) = -5*h - 3. Let y be j(7). Suppose 463 = 22*n - 307. Let k = y + n. Give p(k).
-4
Let g(q) be the first derivative of -68*q**3/3 - 2207. Give g(-1).
-68
Let v(z) = -z**2 + z - 1. Let h = 34 - 31. Let b(q) = -8*q**2 - 7 + 9 + 3*q**3 - 2*q**h. Let t be b(8). Determine v(t).
-3
Suppose -a + 8 = -5*a, 0 = -3*d - 3*a. Suppose k - j + 6 = -0*k, 0 = 3*k + d*j + 8. Let u be (-122)/(-18) - k/18. Let x(c) = c**3 - 7*c**2 - c. Calculate x(u).
-7
Let a(u) be the second derivative of u**6/120 + u**5/12 + 5*u**4/24 + u**3/3 - 29*u**2/2 - 71*u. Let l(h) be the first derivative of a(h). Determine l(-4).
-2
Suppose 4*g + 4*n - 6 = -14, -n = 5*g - 6. Let v(p) be the second derivative of 0 + 1/6*p**3 + 22*p + g*p**2. Give v(-5).
-1
Let w(n) be the second derivative of -n**5/20 + n**3/3 - n**2/2 - 4583*n. Suppose 2*u = k + u - 2, -2*k = 4*u - 10. Give w(k).
-22
Let f(k) = -2569 + k**3 + 6*k - 4*k**2 + 7703 - 2567 - 2575. Calculate f(3).
1
Let a(j) = -j**2 - 6*j + 7. Let p be a(-7). Suppose p = 13*b - 1 - 38. Let g be 1*(1 + (b - 2)). Let m(v) = -v**2 + 3*v. Give m(g).
2
Let y(i) = -5*i**2 + 18*i - 33. Let h = 16659 + -16657. Determine y(h).
-17
Let s = 5 + -6. Let j(y) be the third derivative of -1/120*y**6 + 0*y**4 + 0 - 1/30*y**5 + 1/6*y**3 + 8*y**2 + 0*y. What is j(s)?
0
Suppose -39*x - 892 = -127*x + 252. Let f(j) = 6*j - 68. What is f(x)?
10
Suppose -12*h - 14*h - 144 - 12 = 0. Let g(p) = 10. Let a(r) = r + 29. Let j(w) = 4*a(w) - 11*g(w). Give j(h).
-18
Let w = -463 + 899. Let n = w + -436. Let j(p) = -p + 43. Determine j(n).
43
Let g(d) = -d - 3*d - 7*d + 11. Let o(z) = 6*z - 5. Let s be (4/(-6))/(4/24). Let m(y) = s*g(y) - 9*o(y). Determine m(1).
-9
Let o(u) = -u**2 - 4*u + 13. Let y be 3345/(-9) + 11 + (-8)/6. Let n = y + 356. Calculate o(n).
1
Let a(s) = -6*s + 11*s**2 + 19*s - 2 - 1 - s**3. Suppose -10*c - 58 = r, 46 = 4*r - 2*c - 16. Determine a(r).
9
Let c(v) be the first derivative of -9*v**2/2 + 144*v + 3655. What is c(22)?
-54
Let w(j) = -9*j + 77. Let x(z) = 4*z - 36. Let h(t) = 6*w(t) + 13*x(t). Calculate h(-3).
0
Let x be (-21 + 16)*(1 + 14/10). Let r(q) = -14*q - 169. Let h be r(x). Let d(o) = o**3 - o**2 + 2. Determine d(h).
0
Let v(z) = -46*z - 16. Let n(m) = 37*m + 13. Let i(x) = -5*n(x) - 4*v(x). Calculate i(-2).
1
Let j(d) be the third derivative of -d**6/120 - 7*d**5/60 + d**4/24 + 38*d**2. Suppose 0 = -4*y + 8*y - 28. Suppose 3*x - y*x = 28. Determine j(x).
-7
Let u(k) = 2*k**2 - 12466*k + k**3 + 11 - 2*k**2 + 12469*k - 2*k**2. What is u(-2)?
-11
Suppose -n - 3*v = 3*n - 3, n + 2*v + 3 = 0. Suppose -n*a - 12 = -0. Let t(g) = 6*g + 32 + 32 - 90 + 29. Calculate t(a).
-21
Let x(w) = 26 - 153*w - 2 + 297*w - 148*w. Calculate x(-4).
40
Let l(c) = c**2 + 4*c - 7. Let b be ((-148)/(-28) - -6) + (-4)/14. Suppose -1 + 45 = -b*r. Let f be (r/(-6))/((-20)/150). Determine l(f).
-2
Let w = -7 - -4. Let j(k) be the second derivative of 1/6*k**3 - 1/20*k**5 - 33*k - 2*k**2 + 0 - 1/4*k**4. Calculate j(w).
-7
Let h(w) = 6*w**2 - 6 + 8*w - w**3 + 2 + 0*w + w**2. Let s(b) = b**2 + b - 2. Let u be s(-6). Suppose -2*g - u = -3*q + 6, 52 = 4*q - 4*g. What is h(q)?
-4
Let x(d) = -d**2 - 7*d + 16. Let g(w) be the second derivative of w**4/2 + 89*w**3/6 - 23*w**2/2 + 3*w - 2. Let u be g(-15). Calculate x(u).
8
Let j = 32 - 30. Suppose 4*z + 5*m = 25, 12 = 2*m + j. Suppose 0 = -3*s - z + 3. Let h(w) = 8*w. Give h(s).
8
Let u(f) = 477 - 524 + 32 + f**2 - 5*f. Calculate u(6).
-9
Let s(n) be the third derivative of 9*n**4/8 + n**3/2 + 3156*n**2. What is s(1)?
30
Let a(x) be the second derivative of -5/12*x**4 - 1/20*x**5 + 0 - x**3 - 3*x**2 + 103*x. Suppose 1 - 20 = 5*u - y, u - y + 3 = 0. Determine a(u).
2
Let r(c) = -3*c + 3. Suppose 10*g = -1570 + 1580. Determine r(g).
0
Suppose -y + 4*p + 1 = -2*y, 4*p - 14 = 2*y. Let u(n) = 4*n**2 + n + 2. Let m(d) = 3*d**2 + 2. Let x(f) = 5*m(f) - 4*u(f). What is x(y)?
-3
Let l(c) be the third derivative of -c**5/30 + c**4/24 + c**3/3 - 33*c**2. Suppose 4*d + 21 = 3*t, -2*d - 8 + 5 = t. Calculate l(t).
-13
Suppose 8 = 2*i + a, a = -3*a. Let v(y) = 3 + 11*y**2 - i*y - 41*y**2 + 18*y**2 - y**3 + 18*y**2. Give v(6).
-21
Let c(w) = -11*w + 260. Let u(v) = 11*v - 322. Let i(n) = 5*c(n) + 4*u(n). Calculate i(5).
-43
Let d(v) = -v**2 - 15*v + 78. Let h(t) = 97*t - 1160. Let p be h(12). Give d(p).
2
Suppose -6*t + 28 = -62. Let d(f) = -10 + 9*f + 4*f + 0*f - t*f. What is d(-6)?
2
Let c be ((0/1)/21)/(-10). Let k(n) = -n - 6*n**2 + 3 + 5*n**2 - 4 + 0*n. What is k(c)?
-1
Let d(l) be the first derivative of l**4/4 + 28*l**3/3 - 14*l**2 + 10*l + 4754. What is d(-29)?
-19
Let z(o) be the second derivative of -o**5/20 - 2*o**4/3 + 5*o**3 - 25*o**2/2 + 280*o - 1. Calculate z(-11).
8
Let j(p) be the third derivative of p**5/60 + 17*p**4/24 + 16*p**3/3 + p**2 + 2093. Let t = 18 - 32. Calculate j(t).
-10
Let a(h) = -h**3 + 7*h**2 - 7*h + 6. Let i = 8 - 13. Let q(d) = 20*d + 14. Let b(w) = -13*w - 9. Let j(k) = i*q(k) - 8*b(k). Let u be j(1). Calculate a(u).
0
Let s(f